{"id":34,"date":"2016-02-15T19:02:12","date_gmt":"2016-02-15T18:02:12","guid":{"rendered":"http:\/\/raac-sida.org\/?page_id=34"},"modified":"2016-02-18T14:18:28","modified_gmt":"2016-02-18T13:18:28","slug":"charte","status":"publish","type":"page","link":"https:\/\/raac-sida.org\/index.php\/charte\/","title":{"rendered":"charte du RAAC-sida"},"content":{"rendered":"<p><strong>Les associations adh\u00e9rentes du r\u00e9seau RAAC-sida, ou souhaitant y adh\u00e9rer, s\u2019engagent \u00e0 respecter scrupuleusement cette charte. <\/strong><\/p>\n<p><strong>Elles s\u2019engagent notamment \u00e0\u00a0:\u00a0\u00a0\u00a0\u00a0\u00a0\u00a0\u00a0\u00a0\u00a0\u00a0 <\/strong><\/p>\n<p>Promouvoir la <strong>visibilit\u00e9<\/strong> de l\u2019\u00e9pid\u00e9mie dans leurs communaut\u00e9s et la participation des personnes vivant avec le VIH\/sida et les h\u00e9patites \u00e0 la lutte contre l\u2019\u00e9pid\u00e9mie et d\u00e9fendre la solidarit\u00e9 avec les personnes s\u00e9ropositives dans la d\u00e9fense de leurs droits aux soins et \u00e0 la pr\u00e9vention.<\/p>\n<p>Promouvoir une <strong>\u00e9galit\u00e9<\/strong> de droit et de fait <strong>entre les femmes et les hommes<\/strong>, et s\u2019appuyer sur une approche globale de la sant\u00e9 qui prend en compte tous les d\u00e9terminants de la sant\u00e9, individuels et collectifs.<\/p>\n<p>Renforcer les capacit\u00e9s des personnes ou des groupes \u00e0 <strong>l\u2019autonomie<\/strong>, en luttant <strong>contre toute forme de discrimination<\/strong>, notamment li\u00e9e au statut s\u00e9rologique.<\/p>\n<p>Rester <strong>ouvertes \u00e0 toutes les cat\u00e9gories de la population<\/strong>. Et s\u2019inscrire dans des partenariats avec des organisations qui participent \u00e0 la vie des communaut\u00e9s.<\/p>\n<p><strong>Respecter la confidentialit\u00e9<\/strong> et intervenir dans un <strong>esprit libre de tout jugement<\/strong>, notamment sur les modes de vie, l\u2019orientation politique et\/ou religieuse, l\u2019orientation sexuelle ou l\u2019identit\u00e9 de genre.<\/p>\n<p>Faire la <strong>promotion du RAAC-sida<\/strong> et assurer sa visibilit\u00e9 dans leurs actions.<\/p>\n<h2><strong>* * * Les OUTILS DU RESEAU * * *<\/strong><\/h2>\n<ul>\n<li>Des <strong>rencontres nationales<\/strong> (Assises, s\u00e9minaires, colloques et assembl\u00e9e g\u00e9n\u00e9rale) sont organis\u00e9es dans diff\u00e9rentes villes de France pour rendre le r\u00e9seau plus visible<\/li>\n<\/ul>\n<ul>\n<li>Des <strong>formations<\/strong> sont organis\u00e9es en partenariat avec certaines associations membres du RAAC-SIDA, en direction des membres du r\u00e9seau et des associations \u0153uvrant dans le domaine de la sant\u00e9 des migrants afin de renforcer leurs comp\u00e9tences. Ces formations sont destin\u00e9es \u00e0 d\u00e9velopper les connaissances, sur les enjeux du sida, des h\u00e9patites et des IST, mais aussi sur la vie associative, la m\u00e9thodologie de projets, et la gestion des associations. Elles permettent des \u00e9changes sur les pratiques, connaissances et outils d\u2019interventions, notamment en direction des minorit\u00e9s sexuelles, \u00e0 l\u2019occasion des s\u00e9minaires, colloques et conf\u00e9rences organis\u00e9s par le RAAC-sida et\/ou par les autres structures du r\u00e9seau.<\/li>\n<\/ul>\n<ul>\n<li>Le <strong>site Internet<\/strong> constitue \u00e0 la fois un outil de travail interne et une vitrine externe du r\u00e9seau pour communiquer sur les activit\u00e9s du RAAC-sida et de ses membres, sur les avanc\u00e9es scientifiques notamment en mati\u00e8re de pr\u00e9vention, et sur les nouvelles strat\u00e9gies et outils de r\u00e9duction de risques sexuels.<\/li>\n<\/ul>\n<ul>\n<li>La <strong>revue Gingembre<\/strong>, trimestrielle, f\u00e9d\u00e8re le r\u00e9seau et lui assure une importante visibilit\u00e9 en m\u00eame temps qu\u2019elle constitue un incontournable outil de r\u00e9flexion pour la lutte contre le sida et les h\u00e9patites dans les communaut\u00e9s afro-carib\u00e9ennes. Enacrt\u00e9e dans la revue de AIDES Remaides, elle est \u00e9galement diffus\u00e9e \u00e0 part en direction des associations du RAAC-sida et des communaut\u00e9s africaines.<\/li>\n<\/ul>\n<ul>\n<li>Des <strong>supports audio ou vid\u00e9o<\/strong> et des <strong>brochures<\/strong> sont produits par le r\u00e9seau afin d\u2019appuyer et relayer les actions sur le terrain, apporter des outils de pr\u00e9vention et d\u2019information sur le VIH et les h\u00e9patites aux acteurs et aux populations concern\u00e9es, visibiliser le RAAC et les actions mises en \u0153uvre par le r\u00e9seau et ses membres.<\/li>\n<\/ul>\n<h2><strong>* * * Les ACTIONS DU RESEAU * * *<\/strong><\/h2>\n<ul>\n<li><strong>Plaidoyer et D\u00e9mocratie sanitaire<\/strong><\/li>\n<\/ul>\n<p>S\u2019impliquer dans les actions de pr\u00e9vention et de promotion de la sant\u00e9 avec les collectivit\u00e9s locales\u00a0; aller \u00e0 la rencontre des pouvoirs politiques, des leaders communautaires, des leaders d\u2019opinion et des responsables religieux pour sensibiliser aux probl\u00e9matiques sp\u00e9cifiques des migrants afro carib\u00e9ens, lutter contre les discriminations et faire la promotion de la solidarit\u00e9\u00a0envers les personnes s\u00e9ropositives ;<\/p>\n<p>Partager et d\u00e9fendre les pr\u00e9occupations et revendications du RAAC-sida dans les COREVIH et autres instances de d\u00e9mocratie sanitaire\u00a0; Prendre part aux travaux divers et vari\u00e9s &#8211; \u00e9laboration et \u00e9valuation du plan national de lutte contre le sida et les IST, enqu\u00eates et manifestations autour du sida &#8211; en interaction avec tous les acteurs de la lutte contre le sida et les h\u00e9patites, et de la promotion de la sant\u00e9 (DGS, ARS, SFLS, COREVIH, SIDACTION, CRIPS, ODSE, les h\u00f4pitaux etc.).<\/p>\n<p>Collaborer \u00e0 des projets de recherche en sciences sociales sur les th\u00e9matiques des migrants.<\/p>\n<ul>\n<li><strong>Pr\u00e9vention combin\u00e9e, D\u00e9pistages et Promotion de la sant\u00e9<\/strong><\/li>\n<\/ul>\n<p>Participer \u00e0 la promotion de la sant\u00e9 en g\u00e9n\u00e9ral et plus sp\u00e9cifiquement \u00e0 la sensibilisation et \u00e0 la pr\u00e9vention avec offre de d\u00e9pistage (TROD) aupr\u00e8s des communaut\u00e9s sur les risques du V.I.H\/sida, les h\u00e9patites virales et les IST, en mobilisant et en int\u00e9grant les populations concern\u00e9es.<\/p>\n<p>Agir au c\u0153ur de tous les lieux de vie, d\u2019accueil et de sociabilit\u00e9 des communaut\u00e9s : les salons de coiffure, bars, discoth\u00e8ques et milieux festifs, les foyers d\u2019h\u00e9bergement des travailleurs immigrants (hommes et femmes), aupr\u00e8s des primo arrivants dans les centres d\u2019accueil des demandeurs d\u2019asiles, dans les maisons de quartiers, les centres commerciaux et dans les gares.<\/p>\n<ul>\n<li><strong>Soutien, Accompagnement psycho-social et M\u00e9diation<\/strong><\/li>\n<\/ul>\n<p>Soutenir des personnes vivant avec le VIH et les h\u00e9patites et les accompagner dans leurs acc\u00e8s aux droits, dans leur acc\u00e8s et maintien dans le soin\u00a0; faire de la m\u00e9diation (en sant\u00e9 et socio culturelle) entre les \u00e9quipes des soignants et les personnes soign\u00e9es\u00a0; animer des groupes d\u2019auto-supports des personnes s\u00e9ropositives et d\u2019\u00e9ducation \u00e0 la sant\u00e9 aux travers d\u2019ateliers sant\u00e9 sexuelle, sport, di\u00e9t\u00e9tique, d\u2019\u00e9ducation th\u00e9rapeutique ;<\/p>\n","protected":false},"excerpt":{"rendered":"<p>Les associations adh\u00e9rentes du r\u00e9seau RAAC-sida, ou souhaitant y adh\u00e9rer, s\u2019engagent \u00e0 respecter scrupuleusement cette charte. Elles s\u2019engagent notamment \u00e0\u00a0:\u00a0\u00a0\u00a0\u00a0\u00a0\u00a0\u00a0\u00a0\u00a0\u00a0 Promouvoir la visibilit\u00e9 de l\u2019\u00e9pid\u00e9mie dans leurs communaut\u00e9s et la participation des personnes vivant avec le VIH\/sida et les h\u00e9patites \u00e0 la lutte contre l\u2019\u00e9pid\u00e9mie et d\u00e9fendre la solidarit\u00e9 avec les personnes s\u00e9ropositives dans la &hellip; <a href=\"https:\/\/raac-sida.org\/index.php\/charte\/\" class=\"more-link\">Continuer la lecture<span class=\"screen-reader-text\"> de &laquo;&nbsp;charte du RAAC-sida&nbsp;&raquo;<\/span><\/a><\/p>\n","protected":false},"author":1,"featured_media":0,"parent":0,"menu_order":0,"comment_status":"closed","ping_status":"closed","template":"","meta":[],"_links":{"self":[{"href":"https:\/\/raac-sida.org\/index.php\/wp-json\/wp\/v2\/pages\/34"}],"collection":[{"href":"https:\/\/raac-sida.org\/index.php\/wp-json\/wp\/v2\/pages"}],"about":[{"href":"https:\/\/raac-sida.org\/index.php\/wp-json\/wp\/v2\/types\/page"}],"author":[{"embeddable":true,"href":"https:\/\/raac-sida.org\/index.php\/wp-json\/wp\/v2\/users\/1"}],"replies":[{"embeddable":true,"href":"https:\/\/raac-sida.org\/index.php\/wp-json\/wp\/v2\/comments?post=34"}],"version-history":[{"count":8,"href":"https:\/\/raac-sida.org\/index.php\/wp-json\/wp\/v2\/pages\/34\/revisions"}],"predecessor-version":[{"id":208,"href":"https:\/\/raac-sida.org\/index.php\/wp-json\/wp\/v2\/pages\/34\/revisions\/208"}],"wp:attachment":[{"href":"https:\/\/raac-sida.org\/index.php\/wp-json\/wp\/v2\/media?parent=34"}],"curies":[{"name":"wp","href":"https:\/\/api.w.org\/{rel}","templated":true}]}}