{"id":14,"date":"2016-02-15T17:20:05","date_gmt":"2016-02-15T16:20:05","guid":{"rendered":"http:\/\/raac-sida.org\/?page_id=14"},"modified":"2016-02-17T13:31:56","modified_gmt":"2016-02-17T12:31:56","slug":"associations","status":"publish","type":"page","link":"https:\/\/raac-sida.org\/index.php\/associations\/","title":{"rendered":"Les associations du r\u00e9seau"},"content":{"rendered":"<p><strong><a href=\"http:\/\/raac-sida.org\/index.php\/associations\/afrique-arc-en-ciel\/\">Afrique Arc en ciel<\/a> (<\/strong>Paris \/ IDF \/ France)<\/p>\n<p><a href=\"http:\/\/raac-sida.org\/index.php\/associations\/afrique-avenir\/\"><strong>Afrique Avenir<\/strong><\/a> (Paris \/ IDF)<\/p>\n<p><a href=\"http:\/\/raac-sida.org\/index.php\/associations\/aica\/\"><strong>AICA<\/strong><\/a> (Nice \/Alpes Maritime)<\/p>\n<p><a href=\"http:\/\/raac-sida.org\/index.php\/associations\/aides\/\"><strong>AIDES<\/strong><\/a> (France \/m\u00e9tropolitaine et D\u00e9partements fran\u00e7ais d&rsquo;Am\u00e9rique)<\/p>\n<p><a href=\"http:\/\/raac-sida.org\/index.php\/associations\/alcos\/\"><strong>ALCOS<\/strong><\/a> (Paris \/ IDF)<\/p>\n<p><a href=\"http:\/\/raac-sida.org\/index.php\/associations\/ardi\/\"><strong>ARDI<\/strong><\/a> (Nice \/ Alpes Maritimes)<\/p>\n<p><a href=\"http:\/\/raac-sida.org\/index.php\/associations\/asedos\/\"><strong>ASEDOS<\/strong><\/a> (Bondy \/ Seine St. Denis)<\/p>\n<p><strong><a href=\"http:\/\/raac-sida.org\/index.php\/associations\/asm\/\">A.S.M.<\/a><\/strong> (Marseille \/ Bouches du Rh\u00f4ne)<\/p>\n<p><strong><a href=\"http:\/\/raac-sida.org\/index.php\/associations\/bamesso\/\">BAMESSO et ses amis<\/a><\/strong> (Blanc-Mesnil \/ IDF)<\/p>\n<p><a href=\"http:\/\/raac-sida.org\/index.php\/associations\/baobab\/\"><strong>BAOBAB<\/strong><\/a>\u00a0(Gonesse \/ Val d\u2019Oise)<\/p>\n<p><strong><a href=\"http:\/\/raac-sida.org\/index.php\/associations\/caap-sante-31\/\">Caap-Sant\u00e9 31<\/a><\/strong><strong> (<\/strong>Toulouse \/ Haute Garonne)<\/p>\n<p><strong><a href=\"http:\/\/raac-sida.org\/index.php\/associations\/da-ti-seni\/\">DA TI SENI<\/a><\/strong> (Lyon \/ Rh\u00f4ne Alpes)<\/p>\n<p><strong><a href=\"http:\/\/raac-sida.org\/index.php\/associations\/entraide-et-culture\/\">Entraide et culture<\/a><\/strong> (Ris Orangis \/ Essonne)<\/p>\n<p><strong><a href=\"http:\/\/raac-sida.org\/index.php\/associations\/espoir\/\">Espoir<\/a><\/strong> (Etampes \/ Essonn)<\/p>\n<p><strong><a href=\"http:\/\/raac-sida.org\/index.php\/associations\/fraternite-bonganda\/\">Fraternit\u00e9 BONGANDA<\/a><\/strong> (Toulouse\/ Haute Garonne)<\/p>\n<p><strong><a href=\"http:\/\/raac-sida.org\/index.php\/associations\/la-resilience\/\">La R\u00e9silience<\/a><\/strong> (Paris et Bobigny)<\/p>\n<p><strong><a href=\"http:\/\/raac-sida.org\/index.php\/associations\/la-rifen\/\">La Rifen<\/a><\/strong> (Lille \/ NPDC)<\/p>\n<p><strong><a href=\"http:\/\/raac-sida.org\/index.php\/associations\/les-pagneuses\/\">Les Pagneuses<\/a><\/strong> (Bordeaux \/ Gironde)<\/p>\n<p><strong><a href=\"http:\/\/raac-sida.org\/index.php\/associations\/mariemadeleine\/\">Marie-Madeleine<\/a><\/strong> (Versailles \/ Yvelines)<\/p>\n<p><strong><a href=\"http:\/\/raac-sida.org\/index.php\/associations\/socam\/\">SOCAM<\/a><\/strong> (Nice \/ Alpes Maritime)<\/p>\n<p><strong><a href=\"http:\/\/raac-sida.org\/index.php\/associations\/vie-enfance-espoir\/\">Vie Enfance Espoir<\/a><\/strong> (Grigny \/ Essonne)<\/p>\n","protected":false},"excerpt":{"rendered":"<p>Afrique Arc en ciel (Paris \/ IDF \/ France) Afrique Avenir (Paris \/ IDF) AICA (Nice \/Alpes Maritime) AIDES (France \/m\u00e9tropolitaine et D\u00e9partements fran\u00e7ais d&rsquo;Am\u00e9rique) ALCOS (Paris \/ IDF) ARDI (Nice \/ Alpes Maritimes) ASEDOS (Bondy \/ Seine St. Denis) A.S.M. (Marseille \/ Bouches du Rh\u00f4ne) BAMESSO et ses amis (Blanc-Mesnil \/ IDF) BAOBAB\u00a0(Gonesse \/ &hellip; <a href=\"https:\/\/raac-sida.org\/index.php\/associations\/\" class=\"more-link\">Continuer la lecture<span class=\"screen-reader-text\"> de &laquo;&nbsp;Les associations du r\u00e9seau&nbsp;&raquo;<\/span><\/a><\/p>\n","protected":false},"author":1,"featured_media":0,"parent":0,"menu_order":0,"comment_status":"closed","ping_status":"closed","template":"","meta":[],"_links":{"self":[{"href":"https:\/\/raac-sida.org\/index.php\/wp-json\/wp\/v2\/pages\/14"}],"collection":[{"href":"https:\/\/raac-sida.org\/index.php\/wp-json\/wp\/v2\/pages"}],"about":[{"href":"https:\/\/raac-sida.org\/index.php\/wp-json\/wp\/v2\/types\/page"}],"author":[{"embeddable":true,"href":"https:\/\/raac-sida.org\/index.php\/wp-json\/wp\/v2\/users\/1"}],"replies":[{"embeddable":true,"href":"https:\/\/raac-sida.org\/index.php\/wp-json\/wp\/v2\/comments?post=14"}],"version-history":[{"count":8,"href":"https:\/\/raac-sida.org\/index.php\/wp-json\/wp\/v2\/pages\/14\/revisions"}],"predecessor-version":[{"id":197,"href":"https:\/\/raac-sida.org\/index.php\/wp-json\/wp\/v2\/pages\/14\/revisions\/197"}],"wp:attachment":[{"href":"https:\/\/raac-sida.org\/index.php\/wp-json\/wp\/v2\/media?parent=14"}],"curies":[{"name":"wp","href":"https:\/\/api.w.org\/{rel}","templated":true}]}}